 u(y) = -235*y + 231. Determine u(1).
-4
Let i(f) = -55*f**3 + 3*f**2 - 4*f - 6. Give i(-1).
56
Let a(d) = d**2 - 4*d - 830. What is a(33)?
127
Let l(g) = -2*g**3 - 7*g**2 + 24*g + 82. Calculate l(-3).
1
Let p(f) = f**3 - 3*f**2 - 7*f - 73. Determine p(0).
-73
Let x(c) = -44*c + 1153. Calculate x(31).
-211
Let r(k) = -10*k - 59. Determine r(3).
-89
Let s(w) = -w**3 + 65*w**2 + 141*w - 395. Calculate s(67).
74
Let r(z) = 14*z**2 - 29*z - 50. Calculate r(-3).
163
Let c(h) = -2*h**3 + 56*h**2 - 75*h + 558. Calculate c(27).
-9
Let x(y) = y**2 + 120*y - 3627. What is x(25)?
-2
Let t(s) = -s**2 + 321*s - 1590. What is t(5)?
-10
Let v(n) = 5*n**3 + n**2 + 4*n + 2. Determine v(-3).
-136
Let l(q) = -1294*q + 37522. What is l(29)?
-4
Let f(i) = -2*i**3 - 148*i**2 - 5. Give f(-74).
-5
Let i(j) = 197*j + 7492. Determine i(-38).
6
Let g(z) = -7*z**2 + 35*z - 185. What is g(6)?
-227
Let l(c) = -9*c + 507. What is l(67)?
-96
Let h(u) = 15*u**2 - 20*u + 2. What is h(2)?
22
Let o(p) = -53*p**2 + 274*p + 2694. What is o(-5)?
-1
Let o(g) = 2*g**2 + 31*g - 16. What is o(-16)?
0
Let m(z) = z**3 - 10*z**2 + 2*z - 13. Give m(8).
-125
Let r(d) = 4*d**2 + 42*d + 137. Determine r(-4).
33
Let h(o) = 6*o**3 - 36*o**2 - 33*o + 195. What is h(6)?
-3
Let j(o) = o**3 + 18*o**2 - 45*o - 255. Calculate j(-19).
239
Let f(h) = -9*h - 248. What is f(-35)?
67
Let b(z) = 230*z + 2752. Calculate b(-11).
222
Let k(p) = 6*p**2 - 788*p + 236. What is k(131)?
-26
Let y(u) = -83*u + 1642. Calculate y(20).
-18
Let s(g) = 3*g**2 + 31*g + 22. Calculate s(-11).
44
Let c(p) = p**3 - 18*p**2 - 51*p + 1153. Calculate c(17).
-3
Let c(u) = 2*u**3 + 79*u**2 + 130*u + 616. What is c(-38)?
8
Let a(z) = z**3 + 22*z**2 + 85*z + 23. Calculate a(-17).
23
Let a(m) = 12*m**3 + 34*m**2 - m + 15. Give a(-3).
0
Let t(q) = 11*q**2 + 6*q + 31. What is t(-3)?
112
Let f(y) = -2*y**3 - 14*y**2 + 35*y + 182. What is f(-3)?
5
Let p(x) = x**3 - 36*x**2 - 1052*x + 385. What is p(55)?
0
Let t(i) = -2*i**3 + 9*i**2 + 24*i - 5. Determine t(8).
-261
Let h(u) = 4*u**2 - 10*u - 458. Give h(12).
-2
Let z(b) = b**2 - 4263*b + 12778. Give z(3).
-2
Let m(a) = -398*a**3 - 9*a**2 - 12*a - 3. Determine m(-1).
398
Let u(j) = 31*j + 2139. What is u(-69)?
0
Let k(x) = 71*x + 5897. Give k(-83).
4
Let s(x) = 6*x**2 + 95*x + 194. Give s(-16).
210
Let t(i) = 36*i**2 - 26*i - 23. Calculate t(-1).
39
Let a(f) = -1466*f - 27855. Determine a(-19).
-1
Let s(g) = -g**3 - 39*g**2 + 57*g + 724. Calculate s(-40).
44
Let m(h) = -h**2 - 47*h - 161. What is m(-15)?
319
Let q(s) = 384*s + 5369. Calculate q(-14).
-7
Let a(n) = n**2 - 84*n + 555. Give a(7).
16
Let r(w) = w**3 - 42*w**2 + 45*w - 169. Calculate r(41).
-5
Let h(u) = -2601*u + 2594. Give h(1).
-7
Let p(l) = l**3 + 7*l**2 - 47*l - 245. What is p(-9)?
16
Let v(u) = -16*u**3 + 4*u**2 + u - 24. Calculate v(3).
-417
Let a(v) = -v**3 + 12*v**2 - 5*v - 53. What is a(7)?
157
Let l(r) = 44*r - 2671. What is l(61)?
13
Let z(q) = 25*q + 2400. Calculate z(-95).
25
Let u(j) = j**3 - 69*j**2 + 71*j - 220. Give u(68).
-16
Let y(d) = 88*d - 668. Determine y(7).
-52
Let g(a) = -a**2 - 121*a + 2361. What is g(-138)?
15
Let f(k) = -6*k + 197. What is f(33)?
-1
Let n(z) = 2*z**3 - 26*z**2 + 33*z - 47. Give n(12).
61
Let q(u) = u**2 - 2*u - 103. What is q(-17)?
220
Let n(b) = b**3 - 322*b**2 + 18694*b + 150. Give n(76).
-2
Let v(a) = 2*a**2 - 35*a - 1141. What is v(34)?
-19
Let w(b) = -265*b + 5564. What is w(21)?
-1
Let y(c) = 27*c - 172. Determine y(6).
-10
Let d(z) = 1642*z - 313627. Determine d(191).
-5
Let y(p) = -2*p**3 + 196*p**2 - 1761*p + 87. Determine y(88).
-1
Let f(n) = 82*n**2 + 322*n + 15. What is f(-4)?
39
Let b(s) = 34*s**2 + 267*s - 21. What is b(-8)?
19
Let z(r) = -286*r + 3948. Give z(14).
-56
Let f(l) = -3*l**2 + 121*l + 2090. What is f(-13)?
10
Let q(c) = 2*c**2 - 22*c - 52. What is q(14)?
32
Let q(m) = m**3 + 105*m**2 + 110*m + 487. Calculate q(-104).
-137
Let b(c) = 76*c - 2501. Determine b(33).
7
Let t(v) = -32*v + 3527. Give t(110).
7
Let w(o) = -15*o**3 + 136*o**2 - 83. Calculate w(9).
-2
Let y(r) = 2*r**3 - 26*r**2 + 124*r - 1199. Determine y(12).
1
Let y(a) = a**3 + 19*a**2 - 8*a + 3. What is y(-20)?
-237
Let s(a) = -a**3 + 36*a**2 + 400*a + 3. What is s(-9)?
48
Let b(z) = 2*z**3 - 17*z**2 + 46*z + 17. Give b(3).
56
Let n(z) = 60*z**2 + 1732*z - 229. Calculate n(-29).
3
Let s(a) = 2*a**3 + 5*a**2 - 6*a + 12. Give s(-5).
-83
Let o(k) = -k**3 - 121*k**2 + 498*k - 231. Calculate o(-125).
19
Let r(n) = -n**3 - 60*n**2 - 86*n - 1603. Give r(-59).
-10
Let z(n) = 176*n + 530. Calculate z(-3).
2
Let n(u) = u**3 - 7*u**2 - 33*u - 5. What is n(10)?
-35
Let l(u) = 81*u - 2499. What is l(31)?
12
Let k(h) = -688*h - 3177. What is k(-5)?
263
Let b(a) = -a**3 - 8*a**2 + 44*a + 312. Give b(-9).
-3
Let a(c) = -c**3 - 2*c**2 + 22*c + 11. Calculate a(-6).
23
Let r(t) = 4293*t - 8. Determine r(0).
-8
Let r(k) = k**3 - 6*k**2 - 4*k + 23. What is r(0)?
23
Let g(b) = -b**3 + b**2 + 43*b - 104. Determine g(3).
7
Let v(k) = -237*k + 714. Give v(3).
3
Let j(x) = 2*x**3 - 29*x**2 - 302*x + 4426. Calculate j(13).
-7
Let j(p) = p**2 + 22*p - 82. Give j(-27).
53
Let f(v) = v**2 - 140*v + 31. Determine f(0).
31
Let y(x) = 2052*x + 6105. Give y(-3).
-51
Let p(n) = 91*n + 187. What is p(0)?
187
Let g(h) = -5*h + 209. Calculate g(116).
-371
Let u(z) = -296*z**2 + 3848*z. Determine u(13).
0
Let p(q) = q**2 - 948*q - 29381. Calculate p(-30).
-41
Let s(u) = u**3 - 17*u**2 + 53*u + 178. Determine s(10).
8
Let z(y) = 140*y + 659. What is z(-4)?
99
Let a(b) = 885*b - 4430. Calculate a(5).
-5
Let c(h) = -h**2 - 9*h + 116. Determine c(-11).
94
Let n(z) = -z**3 - 22*z**2 + 81*z. What is n(4)?
-92
Let y(c) = -5*c**3 + 233*c**2 + 98*c - 178. Give y(47).
10
Let c(a) = a**2 - 38*a + 306. Give c(31).
89
Let u(p) = -28*p - 586. Determine u(-14).
-194
Let p(m) = -3*m**3 + 35*m**2 + 25*m - 170. Determine p(12).
-14
Let j(a) = 402*a + 117. Calculate j(-1).
-285
Let f(y) = -y**3 + 9*y**2 - 3*y + 159. Give f(8).
199
Let o(l) = l**2 - 49*l - 91. Give o(51).
11
Let c(s) = 33*s + 13. Give c(2).
79
Let q(y) = -3*y**3 + 197*y**2 - 128*y - 49. Determine q(65).
81
Let v(c) = c**2 + 163*c + 5384. Calculate v(-117).
2
Let y(u) = -52*u + 244. Give y(7).
-120
Let t(s) = -4*s**2 - 300*s - 52. Calculate t(-75).
-52
Let y(v) = v**3 + 50*v**2 + 37*v - 387. Determine y(-49).
201
Let z(s) = 3*s**3 + 212*s**2 + 157*s + 1196. Calculate z(-70).
6
Let l(y) = -y**3 + 5*y**2 + 38*y + 313. Calculate l(11).
5
Let p(k) = -2*k**2 - 21*k + 95. Give p(-14).
-3
Let j(k) = 73*k**2 + 294*k + 2. Determine j(-4).
-6
Let t(m) = 2*m**3 + 246*m**2 + 14. Calculate t(-123).
14
Let q(t) = 50*t - 745. Give q(15).
5
Let d(f) = -2*f**3 + 8*f**2 - f + 9. What is d(7)?
-292
Let a(f) = f**2 + 12*f - 123. Give a(-18).
-15
Let c(i) = 3*i**2 - 110*i + 75. Give c(36).
3
Let b(j) = -2*j**3 - 115*j**2 + 555*j + 28823. Calculate b(-58).
-3
Let a(w) = 15*w**2 + 95*w + 115. Calculate a(-8).
315
Let z(x) = 317*x**2 - 57*x - 56. What is z(-1)?
318
Let g(z) = -7*z**2 - 62*z - 193. Calculate g(-3).
-70
Let j(x) = x**3 + 5*x**2 - 8*x - 50. Give j(-5).
-10
Let h(g) = 4*g**2 - 126*g - 10. What is h(11)?
-912
Let m(a) = 43*a + 1270. What is m(-30)?
-20
Let l(c) = 4*c**2 + 80*c + 227. Calculate l(-17).
23
Let r(j) = 186*j + 938. What is r(-5)?
8
Let j(b) = -23*b + 18. Determine j(5).
-97
Let a(y) = y**2 - 112*y + 2702. What is a(34)?
50
Let n(s) = 49*s**3 + 2*s**2 + 27*s - 52. Determine n(2).
402
Let s(j) = -j**3 + 239*j**2 - 467*j - 1641. Give s(237).
18
Let c(p) = -410*p - 1946. What is c(-4)?
-306
Let i(f) = -2*f**2 + 10*f + 248. What is i(14)?
-4
Let w(k) = -75*k - 305. Give w(-4).
-5
Let g(r) = r**3 + 14*r**2 + 43*r - 3. What is g(-11)?
-113
Let s(g) = 178*g + 1748. What is s(-10)?
-32
Let s(l) = -2*l**3 - 8*l**2 + 68*l + 116. What is s(5)?
6
Let j(m) = -m**3 - 8*m**2 + 2*m + 62. Determine j(0).
62
Let u(k) = 7339*k + 146780. Calculate u(-20).
0
Let j(x) = 5*x**2 - 256*x - 195. Calculate j(52).
13
Let s(x) = x**2 + 47*x + 373. What is s(-7)?
93
Let q(j) = j**3 + 12*j**2 - 20*j - 117. Determine q(-13).
-26
Let l(f) = 2*f**2 + 96*f + 89. Calculate l(-47).
-5
Let k(z) = z**2 + 12*z - 127. Determine k(-16).
-63
Let q(w) = 104*w**2 - 112*w + 224. Calculate q(2).
416
Let n(u) = 2*u**3 - 25*u**